ate (0 - 0) + -3 + 5.
2
What is -3 - (-1 + -3 - (-2 - -4))?
3
Calculate 5 - (5 + 0 - 10 - -6).
4
Evaluate -1 + 0 + 4 + 7 + -11.
-1
What is the value of 7 + 6 + (4 + 3 - 27)?
-7
What is the value of -3 - (5 - (2 + 12)) - 3?
3
What is (4 - (-4 - -5)) + 2?
5
What is the value of -2 - (-1 - 2 - -2 - 4)?
3
Calculate -15 + 8 + (10 - 0).
3
Calculate -2 + (10 + -1 - 10).
-3
Evaluate -2 - (5 + -12 + 3).
2
Evaluate 3 - 2 - 4 - (-39 - -35).
1
Calculate 4 - (-1 - 2 - -10).
-3
What is the value of (11 - 7) + -3 + 7?
8
What is -3 + -3 - (-2 - -5) - -5?
-4
Calculate -13 - -4 - -12 - (-2 + -1).
6
What is 5 + -8 - 1 - -2?
-2
(9 - (3 + 1)) + 0
5
51 + -58 + (1 - 0)
-6
What is (-1 - 3 - 0) + -79 + 83?
0
Calculate (5 - 5) + 5 - (8 - -1).
-4
8 + 0 - (80 + -66)
-6
Evaluate 1 + 3 - (-97 + 101).
0
What is the value of 2 + (-9 + 6 - 2)?
-3
What is the value of -6 - (5 + -8 + -1 + -1)?
-1
What is the value of (0 - 3) + 4 + 1?
2
Calculate 5 + 3 + 3 + -8 + -7.
-4
(11 + -5 - 9) + 1
-2
Evaluate -12 - (10 - 13 - 7).
-2
Evaluate -5 + (1 + -1 - (13 + -14)).
-4
-9 + (-3 - -8) - (-11 - 1)
8
What is 2 + -1 + (0 - -7) + -15?
-7
What is -1 + -2 + 5 + -1?
1
Calculate (-4 - -5) + -3 - (1 + 1).
-4
What is 17 - (7 + 0 + -3 + 4)?
9
-1 + 0 - ((-1 - -4) + -8)
4
-29 - -42 - (5 - -15)
-7
What is the value of 1 + (4 - (-4 - (3 - 13)))?
-1
Calculate -4 - (3 + 0 + -5).
-2
What is 1 + 1 + (1 - 3)?
0
Calculate -3 + 12 + (0 - 9).
0
0 + -6 + 1 + 7 + 5
7
What is (2 - 4) + 3 + (-3 - 1)?
-3
What is the value of (4 - 0) + 0 - 2?
2
Calculate (11 - 9) + (-2 - -2).
2
What is the value of -24 + 34 + (-3 - (-2 - -3))?
6
Evaluate 2 + 5 - (34 - 24).
-3
What is 6 + (-4 - -8) + -4?
6
What is (-2 - -1) + -3 - -1?
-3
What is 1 - ((11 - 4) + -3)?
-3
What is the value of 3 + -7 + (-6 - -8)?
-2
What is the value of (12 - 7) + (4 - 4)?
5
11 + 10 + -33 + 5 + -1
-8
-13 - (-20 + 2 + 5)
0
Evaluate (-2 + (4 - -3) - 0) + -2.
3
What is the value of 9 - (2 + 4 - -8)?
-5
Evaluate 2 - 0 - (-6 - (-5 + 2)).
5
What is the value of 1 - (1 + 0 - 1)?
1
Evaluate -5 + -5 + 5 + -7 + 6.
-6
4 + -3 + -1 + 6
6
What is the value of (-3 - (4 + -7)) + -2 + -5?
-7
What is the value of -2 - -4 - (-2 + 11)?
-7
What is -5 + -9 + -6 + 16?
-4
What is -4 + (11 - (16 + -7))?
-2
Calculate 2 - 2 - (-1 + 5).
-4
What is 2 - (4 - (-7 - -5))?
-4
(-3 - (-5 + (-2 - -5))) + 2
1
What is (0 - 6) + (5 - 0)?
-1
-3 + (5 - (-3 + 3))
2
(-24 - -20) + (1 + -5 - 0)
-8
What is 2 + (5 - 2 - 3)?
2
Evaluate 4 + (1 - 0) + -45 + 47.
7
Calculate 1 - (2 + (5 - 5)).
-1
11 + (-10 + 9 - 6)
4
Calculate -8 - (1 + (2 - 6) - 0).
-5
(3 - (-1 + -5)) + -1 + -4
4
What is the value of -4 + (-4 - -2) + 5?
-1
What is 13 + 1 + -5 + (-4 - 0)?
5
What is 4 - (2 + -2) - 9?
-5
What is 14 + -15 - (0 - 1)?
0
1 + (-4 - (3 + -5 + 4))
-5
Calculate (6 + (-5 - -4) - 10) + 2.
-3
Evaluate (-1 - -5) + -86 + 75.
-7
What is the value of 2 - (10 + 0 + -5)?
-3
Evaluate 5 + 2 + -10 + 8.
5
Calculate -1 + 11 + -12 - (2 - -2).
-6
1 + (10 - 2 - (6 - 2))
5
(1 - 6) + 10 + -12
-7
Evaluate (-9 - -5 - -6) + -3.
-1
What is the value of -4 + (3 + -1 - 2) - 1?
-5
Calculate -6 - -2 - (3 - (3 - 0)).
-4
What is the value of -6 - (-2 + (-1 - 5)) - 2?
0
4 + (-21 + 10 - 0)
-7
(-9 - -2 - -11) + 2
6
What is -2 - (-21 - -10) - 5?
4
What is (-34 - -41) + -6 + 0?
1
Evaluate -3 + 1 + (3 - (0 + 3)).
-2
What is the value of (-8 - (-2 + 1)) + 8 + -5?
-4
3 + -8 - (-2 - 11)
8
10 - (7 - 7 - -1)
9
What is 2 + (2 - 4) + 14 + -11?
3
Evaluate -5 + 5 - -7 - 13.
-6
What is 1 - (1 - 1 - 0 - 2)?
3
Evaluate 23 + -23 + -1 + 6.
5
What is the value of 0 + (8 - 3) + -5?
0
Calculate 3 - (2 + (0 - (-3 - -2))).
0
What is the value of -15 + (-4 - -18) - (4 + 0)?
-5
-84 + 80 + (-1 + 1 - 0)
-4
Calculate (1 + 1 - 8) + 1.
-5
9 - 4 - (-1 + 3 + 3)
0
Evaluate (9 - -2) + 0 + -18.
-7
Evaluate (-22 - -28) + (-14 - -3).
-5
Calculate 4 - 1 - (101 + -97).
-1
-2 - (3 + -3 + (-1 - 0))
-1
What is the value of 2 + -9 - (-4 + -4 - -2)?
-1
Evaluate -6 + (6 - 0) - -3.
3
(2 - -1) + -5 + 4 - 8
-6
Calculate 2 + -4 - (-6 - -3).
1
What is the value of -35 + 40 - (5 + 1)?
-1
Calculate -2 + 4 + (4 - 4 - 2).
0
Calculate 6 + -3 - (0 + -1).
4
Calculate 2 - 4 - (2 - 0).
-4
What is (1 - (1 + 2 - -2)) + 8?
4
5 - (-4 - (-7 + 6))
8
-10 + 7 + 8 - (3 - -1)
1
Evaluate -15 - (0 + -3) - (-12 - -7).
-7
(-2 + 1 - 0) + (48 - 46)
1
Evaluate 2 + 4 + (-4 - -5) + -2.
5
What is -1 + (-4 - -2) + -2?
-5
(0 - -1 - -2) + (12 - 13)
2
What is -5 + (-8 - -10 - -7)?
4
What is -11 + (7 - -1) + -1?
-4
Evaluate 7 - 3 - 4 - 2.
-2
What is the value of -7 + 24 - 22 - (0 - 12)?
7
Calculate 5 + -3 + -3 + 0 - 0.
-1
(11 - 10) + 0 + 9 + -3
7
What is -12 + 23 + 1 + -19?
-7
Evaluate (-6 - 2) + (0 - -3) - -2.
-3
What is the value of 0 + 2 + -15 - -17?
4
What is -3 - (-1 + 2 + -2)?
-2
(-5 - -14) + 37 + -38
8
Calculate 3 - (6 - (3 + 5)).
5
What is 2 - -2 - 3 - 3?
-2
Evaluate 0 - -1 - (0 + 1) - 3.
-3
0 + -9 + -7 + 11
-5
What is the value of (2 - 2) + 1 + 1 - -3?
5
Evaluate -1 - (1 - (-4 + 8 + 3)).
5
Evaluate -9 + (6 - 1) + -1.
-5
Evaluate 12 - (12 - 7) - (-2 + 18).
-9
Calculate -4 + (1 - -1 - -5).
3
-3 + (-2 - -2) + 7
4
What is -14 + (6 - -3) - (-1 + -2)?
-2
(-4 - -1) + -1 + -11 + 12
-3
Calculate 6 + (1 - -5) + (57 - 65).
4
What is the value of (-5 - -16) + -2 - 10?
-1
-7 + 3 - (0 + -2 + -5)
3
8 - 4 - (2 - -4 - -1)
-3
(-1 - 2) + (32 - 21) + -10
-2
Calculate (5 - (-12 + 6 - -14)) + 11.
8
What is (-1 - (3 + -2)) + 6 + 2?
6
Evaluate -2 + -1 + (-7 - (-2 - 9)).
1
-6 + 9 + -6 - (0 + -4)
1
What is -3 + 3 + -2 - 2?
-4
What is (3 - 2 - 1) + -2 + -2?
-4
Calculate (3 - 1) + (1 - 3) + 2.
2
What is the value of (10 - 13) + (0 - 0 - -2)?
-1
What is -2 - -1 - (-4 - -1)?
2
Calculate (-16 - (-44 - -30)) + (7 - -1).
6
What is 6 + (3 + -5 - 7)?
-3
What is the value of -6 + 15 - 10 - -3?
2
What is 3 + 2 + (6 - (6 + 0))?
5
-8 - (1 - 7 - 2)
0
-2 - 0 - (14 - 20) - 10
-6
Evaluate -18 + 18 - (3 + -2).
-1
Calculate 7 - (10 + (-2 - 2)).
1
What is the value of -4 + 7 + 4 + -6?
1
What is -1 + (4 + 2 - 0)?
5
Evaluate -3 + 6 + -3 - (-2 - -3).
-1
What is the value of -1 - 2 - (-13 - -9) - 3?
-2
What is (1 + (-1 - 0) - -2) + 2?
4
What is 2 - (-1 + (3 - 7 - -2))?
5
Evaluate -3 + -1 + (-1 - (-5 - -3)).
-3
(-2 - 3) + (4 - -2) - -8
9
(-26 - -30) + 5 + 1
10
Evaluate 0 + 3 - (-27 - -28).
2
Evaluate 0 + -2 + (10 - 7) + -1.
0
-60 + 59 + (-1 - -5)
3
Evaluate 3 + 1 + -7 + -2.
-5
What is (9 - (13 - 5)) + (0 - 1)?
0
What is 2 - (-2 + 1 + -2 + 3)?
2
Calculate 2 + 0 - (5 - 8 - -3).
2
What is (0 - -10 - 2) + -4?
4
Calculate (-7 - -5) + 1 - 1.
-2
Evaluate 2 + (0 + 4 - 6).
0
Calculate -4 + (-12 + 4 + 2 - -13).
3
7 - (-8 - -8) - 1
6
Evaluate 3 + -9 + (-4 - -6).
-4
What is the value of (-8 - 1) + (19 - 15) - -2?
-3
-7 - (0 + (-6 - -3))
-4
Calculate 3 + -9 + (-2 - -5) + 1.
-2
Calculate 1 + 1 - (9 + -1 - 1).
-5
Calculate (-10 - (-15 + 8)) + 4.
1
6 - ((-4 - -6) + 5)
-1
Evaluate -4 + -3 + (-1 - 5 - -10).
-3
Evaluate -4 + 7 + -7 + 2.
-2
What is the value of 4 - 3 - (1 - (3 + 0))?
3
-1 + 3 - (-222 - -227)
-3
-3 + 3 + (8 - 3)
5
Evaluate -3 + 1 + 1 + -2 + 1.
-2
What is (12 - 26 - -5) + (7 - 1)?
-3
What is -3 - (-1 - (4 + 0))?
2
Evaluate -7 + 1 - (-4 + (-13 - -18)).
-7
What is -57 - -61 - (1 + 7)?
-4
Evaluate -17 + (2 - (-8 - -3)) + 7.
-3
2 - (1 + (-5 - -1))
5
What is the value of 3 - (-1 - (-2 - (1 - 2)))?
3
What is the value of 0 - ((-4 - -8) + (-2 - -3))?
-5
Evaluate -13 + 18 + 5 + 1 + -4.
7
Calculate (-7 + 6 - (1 + -2)) + -2.
-2
Calculate 5 + (5 + 0 - 6).
4
What is -25 + 30 - (-2 - -3 - 1)?
5
(4 - 8) + 3 - (-13 - -5)
7
1 + -5 + -3 + 7
0
5 + (-14 - 3 - (2 + -8))
-6
What is the value of 7 + (16 - 19) + (1 - -4)?
9
What is the value of (-1 + 1 - -13) + -8?
5
What is the value of -2 + (-2 - -3) + 0 - -4?
3
Evaluate 0 - -1 - 6 - (-60 - -56).
-1
What is the value of (7 - -1 - 9) + 7?
6
-7 - (-11 + 4 + 2)
-2
What is the value of 6 + -3 + -6 + 0?
-3
Evaluate -4 + -10 - (21 + -37).
2
2 - (9 - (2 + 10))
5
What is the value of -6 + (-5 + -3 - -19)?
5
Evaluate 6 + -7 + -5 + 3 - -2.
-1
-5 + -4 + 1 + 4 + 2
-2
Calculate -1 + (-2 - -2) + 3 + -2.
0
What is 6 + 3 + (-3 - 3)?
3
(-1 - 1) + (-3 - 3) + 3
-5
What is 5 + 2 - (-8 - (-31 + 7))?
-9
What is the value of -5 - (1 - (-4 - (-9 + 5)))?
-6
Evaluate (0 - 1) + (-3 - (3 - 12)).
5
What is the value of -10 + (-6 - -10 - -4)?
-2
What is 7 - (-8 + (4 -